
Let z(c) = 7*c**2 + 279*c + 147. Calculate z(-38).
-347
Let k(v) = -693*v**2 - 154612*v - 16276. Determine k(-223).
3
Let p(w) = -36593*w - 36582. Determine p(-1).
11
Let w(z) = -2919*z - 40808. Calculate w(-14).
58
Let m(w) = 1280*w**2 - 40954*w - 193. What is m(32)?
-1
Let u(h) = 123*h**2 - 924*h - 64. Give u(7).
-505
Let i(q) = 318*q + 52453. Determine i(-165).
-17
Let g(b) = -3*b + 196. What is g(49)?
49
Let n(p) = -p**2 - 18894*p - 75544. Calculate n(-4).
16
Let x(p) = 3*p**3 - 45*p**2 - 2386*p + 29923. Give x(12).
-5
Let a(f) = -f**3 - 71*f**2 - 47*f + 498. Give a(-70).
-1112
Let r(h) = -h**3 - 88*h**2 - 61*h - 4318. Give r(-88).
1050
Let r(k) = -2*k**3 + 66*k**2 - 433*k + 822. Determine r(25).
-3
Let y(n) = -4*n**3 - 669*n**2 - 147*n + 2898. What is y(-167)?
-442
Let a(f) = -3575*f + 35726. Give a(10).
-24
Let b(x) = 2295*x + 569191. Determine b(-248).
31
Let z(t) = -3229*t - 190508. Determine z(-59).
3
Let b(c) = -523*c**3 + 3*c**2 + 30*c - 32. Give b(1).
-522
Let y(i) = i**3 + 3*i**2 - 1766*i - 1765. Give y(-1).
3
Let r(j) = -4*j**2 - 673*j + 4184. Calculate r(6).
2
Let p(l) = -72*l**2 - 3444*l + 436. What is p(-48)?
-140
Let v(s) = -22148*s + 177169. Determine v(8).
-15
Let o(g) = -2*g**2 + 1305*g + 9451726. What is o(-1872)?
-2
Let f(w) = -2*w**3 - 121*w**2 - 159*w + 82. Determine f(-59).
-980
Let n(j) = 12*j**2 - 1860*j - 1917. Calculate n(156).
-45
Let i(o) = -o**2 + 41*o + 97. Give i(42).
55
Let t(m) = 2*m**3 - 19*m**2 + 6*m - 304. Calculate t(11).
125
Let l(i) = 3*i**2 + 14099*i + 126644. Give l(-9).
-4
Let f(w) = w**2 - 1386*w + 243082. What is f(206)?
2
Let o(x) = 6319*x + 39831. Determine o(-6).
1917
Let l(s) = -4*s**3 - 72*s**2 - 370*s + 67. What is l(-8)?
467
Let v(a) = a**3 - 22*a**2 + 129*a - 4477. Determine v(25).
623
Let i(p) = 4267*p - 1015566. Give i(238).
-20
Let i(r) = -2829*r - 998883. What is i(-353)?
-246
Let v(x) = -44*x**2 + 1892*x - 803. Determine v(43).
-803
Let i(q) = -56*q - 13668. What is i(-244)?
-4
Let d(o) = -2*o**2 + 813*o + 71128. Determine d(-74).
14
Let l(r) = r**3 - 23*r**2 - 19*r - 164. Calculate l(24).
-44
Let p(o) = 7*o**3 + 1715*o**2 - 6*o - 1772. Give p(-245).
-302
Let a(j) = 9139*j + 27525. What is a(-3)?
108
Let m(l) = -171*l**2 + 39*l + 80. Give m(-2).
-682
Let g(j) = 15*j**2 - 134*j - 3. What is g(12)?
549
Let z(y) = -y**2 + 1656*y + 30134. Determine z(-18).
2
Let s(q) = 16*q**2 + 1546*q + 38. What is s(-96)?
-922
Let o(k) = k**3 - 12*k**2 + 16*k - 463. Calculate o(16).
817
Let r(p) = 112*p - 9167. Determine r(54).
-3119
Let w(l) = 3*l**2 + 88*l + 932. Determine w(-22).
448
Let t(w) = -4*w**3 + 703*w**2 + 3521*w - 115. Calculate t(-5).
355
Let t(m) = -9*m**2 + 933*m + 2784. Determine t(-3).
-96
Let v(o) = -510*o + 23359. What is v(45)?
409
Let m(w) = -4*w**3 + 1865*w**2 + 3203*w + 34157. What is m(468)?
-7
Let b(j) = 2*j**3 - 322*j**2 - 217*j + 34935. Calculate b(161).
-2
Let w(u) = -56400*u + 169237. What is w(3)?
37
Let h(s) = 38*s - 1665. What is h(71)?
1033
Let h(j) = -23*j**2 + 4776*j + 16233. Determine h(211).
-14
Let c(a) = -45*a**2 - 708*a - 1192. What is c(-14)?
-100
Let z(m) = -4*m**3 - 39*m**2 - 257*m + 15. Determine z(-9).
2085
Let q(a) = 38*a**2 - 1841*a + 809. Give q(48).
-7
Let i(a) = -3*a**2 - 2905*a - 308308. Calculate i(-847).
0
Let b(j) = j**3 + 3*j**2 - 2056*j + 15744. Give b(8).
0
Let k(v) = 4*v**2 + 172*v + 762. Calculate k(-5).
2
Let h(q) = -q**3 + 34*q**2 + 45*q - 452. Determine h(35).
-102
Let u(j) = -6*j**2 + 8116*j - 149403. Give u(1334).
5
Let h(s) = -234*s - 2077. Calculate h(-12).
731
Let f(d) = d**3 - 134*d**2 - 361*d + 71. Determine f(-3).
-79
Let n(c) = 6*c**2 - 42*c - 719. Calculate n(16).
145
Let t(q) = -q**2 - 469034*q - 6097275. Give t(-13).
-2
Let y(c) = -8*c**3 - 3*c**2 + 15*c - 31. Determine y(4).
-531
Let q(p) = 101*p**2 + 22425*p + 540. What is q(-222)?
-126
Let m(a) = 3571*a - 39408. Calculate m(11).
-127
Let c(y) = -y**3 + 180*y**2 - 763*y + 72444. Determine c(178).
-2
Let m(s) = 270360*s - 1892520. What is m(7)?
0
Let c(q) = 2898*q**2 + 226043*q - 71. Determine c(-78).
7
Let d(w) = 45*w**2 - 314*w - 1696. What is d(11)?
295
Let n(q) = q**3 - 1256*q**2 + 41540*q + 246. Determine n(34).
-26
Let t(x) = -x**3 + 9*x**2 + 200*x + 178. What is t(17)?
1266
Let m(d) = -3*d**2 + 469*d - 1407. Give m(3).
-27
Let p(v) = 33*v**3 - 83*v**2 + 33*v - 3. Determine p(2).
-5
Let s(t) = -832135*t - 4992842. Give s(-6).
-32
Let s(r) = 30850*r + 740413. Calculate s(-24).
13
Let z(g) = 31*g**3 + g**2 - 17*g - 39. Calculate z(-3).
-816
Let a(s) = -26*s**2 - 207*s + 3960. Calculate a(-17).
-35
Let k(y) = -51*y**2 - 393*y + 1011. Determine k(3).
-627
Let i(h) = -39*h**3 + 33*h**2 + 120*h - 1. Determine i(-3).
989
Let s(x) = 2303845*x + 2303833. Give s(-1).
-12
Let g(z) = -2*z**3 - 8*z**2 - 41594*z + 41601. Determine g(1).
-3
Let v(o) = -3845*o - 22674. Calculate v(-6).
396
Let d(o) = -o**3 + 86*o**2 + 263*o - 566. Calculate d(89).
-922
Let c(z) = 6*z**2 + 23*z + 880. Give c(-26).
4338
Let h(i) = -57*i - 2610. Calculate h(-48).
126
Let v(i) = 135*i**2 - 46*i + 9. Calculate v(0).
9
Let h(x) = x**3 + 29*x**2 - 607*x - 16387. Calculate h(-32).
-35
Let c(j) = 12*j**3 + 4272*j**2 + 4*j + 1265. Give c(-356).
-159
Let q(n) = -2*n**3 - 67*n**2 + 79*n + 279. Give q(-35).
1189
Let v(q) = 26*q**3 - 1952*q**2 + 152*q - 159. Give v(75).
-9
Let r(l) = -217545*l + 1305296. What is r(6)?
26
Let a(t) = 374763*t + 1873803. Give a(-5).
-12
Let h(b) = 5*b**2 - 1032*b + 19861. Give h(19).
2058
Let b(h) = 3*h**3 + 271*h**2 + 115*h - 270. Give b(-90).
-2520
Let v(s) = -87*s - 707. What is v(-24)?
1381
Let w(h) = 2*h**3 + 41*h**2 - 11*h - 205. What is w(-21)?
-415
Let l(x) = -605*x**2 + 150645*x + 71. Calculate l(249).
71
Let p(a) = -398*a - 1976. What is p(-5)?
14
Let k(a) = -2*a**3 - 62*a**2 + 38*a + 239. Give k(-30).
-2701
Let w(m) = 51*m**2 - 529*m + 313. Calculate w(10).
123
Let l(x) = 50854*x - 762788. Calculate l(15).
22
Let c(w) = 15*w**3 - 20*w**2 - 2386*w + 184. What is c(-12)?
16
Let w(z) = z**3 - 115*z**2 - 617*z + 70357. Give w(115).
-598
Let o(r) = -r**3 - 28*r**2 + 1275*r + 1239. Give o(25).
-11
Let l(r) = -3961*r - 30184. Give l(-8).
1504
Let c(s) = 23*s - 3025. What is c(114)?
-403
Let p(u) = -573073*u + 26934436. What is p(47)?
5
Let a(y) = 33312*y - 199792. What is a(6)?
80
Let z(s) = s**3 + 26*s**2 - 584*s - 6545. What is z(-37)?
4
Let j(w) = 96*w**2 - 10261*w + 95. Calculate j(107).
1272
Let g(q) = -2*q**3 - 788*q**2 + 787*q - 1205. Give g(-395).
-20
Let p(d) = -d**3 + 19*d**2 + 12017*d - 204818. What is p(17)?
49
Let g(a) = 5887*a + 1613029. Calculate g(-274).
-9
Let i(p) = 59*p**2 + 1646*p - 41. Calculate i(-29).
1844
Let s(j) = j**3 - 16*j**2 + 333. Determine s(11).
-272
Let w(z) = -3*z**2 + 10930*z - 2871375. Give w(285).
0
Let i(w) = -2*w**2 - 126*w + 12970. Determine i(-118).
-10
Let s(n) = 1120*n - 26426. Give s(24).
454
Let r(x) = 15*x**2 - 290*x + 373. Calculate r(18).
13
Let y(z) = -1311*z + 15430. What is y(11)?
1009
Let x(m) = 1598*m - 292792. Calculate x(183).
-358
Let f(a) = a**2 - 851*a + 117802. Calculate f(677).
4
Let u(j) = -1477*j**2 - 13254*j + 352. What is u(-9)?
1
Let s(f) = -f**3 - 63*f**2 - 1763*f - 11514. What is s(-9)?
-21
Let a(z) = -6*z**3 + 257*z**2 - 27*z - 50. Give a(43).
-3060
Let z(q) = -3*q**3 - 141*q**2 - 212*q + 2643. Calculate z(-45).
33
Let h(v) = -v**2 - 4455*v + 633853. Give h(138).
19
Let h(j) = j**2 + 9179*j + 100833. Give h(-11).
-15
Let d(z) = -2*z**3 - 63*z**2 - 266*z - 92. What is d(-4)?
92
Let z(x) = -6500*x - 51957. Determine z(-8).
43
Let o(r) = r**3 + 35*r**2 - 165*r - 4707. Give o(-36).
-63
Let p(r) = r**2 + 135*r + 3426. Determine p(-49).
-788
Let d(c) = -55*c - 531. Determine d(-64).
2989
Let f(k) = -73752*k + 3982613. Calculate f(54).
5
Let n(w) = -136*w + 811. Determine n(5).
131
Let i(l) = 35*l**2 + 8838*l - 86983. What is i(-262)?
1
Let x(j) = j**2 - 1198*j + 272944. Determine x(306).
-8
Let v(t) = -t**3 - 5*t**2 + 113*t + 217. Determine v(-13).
100
Let x(m) = 221*m**3 - 21*m**2 - 52*m - 33. Give x(-1).
-223
Let o(t) = 4*t**3 + 67*t**2 + 60*t + 203. Determine o(-16).
11
Let f(h) = h**3 - 69*h**2 + 821*h - 598. What is f(54)?
-4
Let q(u) = -32*u**3 - 346*u**2 - 30*u - 856. What is q(-11)?
200
Let k(u) = -11*u**2 +